e factors of 15855249.
3, 109, 48487
What are the prime factors of 111062?
2, 7, 7933
What are the prime factors of 12075722?
2, 6037861
List the prime factors of 32215422.
2, 3, 41, 130957
List the prime factors of 10496342.
2, 953, 5507
What are the prime factors of 9810958?
2, 4905479
List the prime factors of 550081.
7, 78583
What are the prime factors of 1230333?
3, 13, 31547
List the prime factors of 3918070.
2, 5, 13, 30139
What are the prime factors of 10719513?
3, 7, 43, 1319
What are the prime factors of 130248?
2, 3, 67
List the prime factors of 2903117.
7, 414731
List the prime factors of 412329.
3, 137443
What are the prime factors of 1074696?
2, 3, 7, 6397
What are the prime factors of 3282169?
11, 23, 12973
What are the prime factors of 293299?
37, 7927
List the prime factors of 3576734.
2, 7, 449, 569
What are the prime factors of 766244?
2, 191561
List the prime factors of 12651139.
79, 160141
What are the prime factors of 355839?
3, 11, 41, 263
What are the prime factors of 7005172?
2, 1751293
What are the prime factors of 1221088?
2, 11, 3469
List the prime factors of 125940.
2, 3, 5, 2099
List the prime factors of 3131176.
2, 391397
What are the prime factors of 9286964?
2, 17, 136573
List the prime factors of 1843609.
137, 13457
List the prime factors of 216601.
7, 11, 29, 97
List the prime factors of 5266163.
7, 41, 59, 311
What are the prime factors of 5161566?
2, 3, 353, 2437
List the prime factors of 228775.
5, 9151
List the prime factors of 9997648.
2, 19, 32887
List the prime factors of 272022.
2, 3, 45337
What are the prime factors of 381557?
11, 34687
What are the prime factors of 1717651?
13, 37, 3571
List the prime factors of 23963932.
2, 317, 18899
What are the prime factors of 8432909?
8432909
What are the prime factors of 434011?
434011
What are the prime factors of 171570?
2, 3, 5, 7, 19, 43
List the prime factors of 20488613.
31, 660923
List the prime factors of 1461288.
2, 3, 60887
List the prime factors of 266577.
3, 17, 5227
What are the prime factors of 258388?
2, 13, 4969
What are the prime factors of 1702823?
1702823
What are the prime factors of 4927973?
19, 433, 599
List the prime factors of 10999423.
19, 578917
What are the prime factors of 653351?
241, 2711
List the prime factors of 12793449.
3, 67, 63649
List the prime factors of 82278.
2, 3, 7, 653
List the prime factors of 459776.
2, 449
What are the prime factors of 1299592?
2, 7, 23, 1009
List the prime factors of 1042519.
1042519
What are the prime factors of 8763481?
29, 302189
What are the prime factors of 6259267?
7, 894181
List the prime factors of 153314.
2, 7, 47, 233
What are the prime factors of 218621?
13, 67, 251
List the prime factors of 136300.
2, 5, 29, 47
What are the prime factors of 6205075?
5, 248203
What are the prime factors of 7038599?
7038599
What are the prime factors of 12927697?
101, 127997
List the prime factors of 421327.
61, 6907
What are the prime factors of 338363?
563, 601
List the prime factors of 13836861.
3, 17, 90437
List the prime factors of 296134.
2, 19, 7793
List the prime factors of 171240.
2, 3, 5, 1427
List the prime factors of 7536441.
3, 11, 31, 53, 139
List the prime factors of 162132.
2, 3, 59, 229
List the prime factors of 6670914.
2, 3, 691, 1609
List the prime factors of 683502.
2, 3, 17, 6701
What are the prime factors of 570698?
2, 71, 4019
List the prime factors of 269827.
47, 5741
List the prime factors of 10616182.
2, 1609, 3299
What are the prime factors of 12114217?
17, 712601
List the prime factors of 1202057.
1202057
List the prime factors of 1039252.
2, 259813
What are the prime factors of 8007661?
211, 37951
List the prime factors of 367980.
2, 3, 5, 6133
What are the prime factors of 2657973?
3, 885991
List the prime factors of 377530.
2, 5, 19, 1987
What are the prime factors of 333184?
2, 19, 137
List the prime factors of 1000034.
2, 7, 61, 1171
What are the prime factors of 93332?
2, 23333
What are the prime factors of 11322964?
2, 2830741
List the prime factors of 2093553.
3, 7, 11, 19, 53
List the prime factors of 608477.
619, 983
What are the prime factors of 1930535?
5, 151, 2557
List the prime factors of 5694923.
13, 109, 4019
List the prime factors of 3670310.
2, 5, 7, 52433
List the prime factors of 1775295.
3, 5, 39451
What are the prime factors of 101637?
3, 23, 491
List the prime factors of 1110971.
1110971
What are the prime factors of 3197176?
2, 399647
What are the prime factors of 130077?
3, 97, 149
What are the prime factors of 4240856?
2, 641, 827
What are the prime factors of 45478?
2, 22739
List the prime factors of 11367642.
2, 3, 11, 13, 13249
What are the prime factors of 1960636?
2, 490159
List the prime factors of 2112640.
2, 5, 3301
List the prime factors of 462584.
2, 53, 1091
What are the prime factors of 454730?
2, 5, 37, 1229
List the prime factors of 5293789.
5293789
What are the prime factors of 873708?
2, 3, 11, 6619
What are the prime factors of 1001762?
2, 500881
List the prime factors of 123865.
5, 7, 3539
What are the prime factors of 232985?
5, 17, 2741
What are the prime factors of 19404850?
2, 5, 97, 4001
What are the prime factors of 310329?
3, 29, 41
What are the prime factors of 504235?
5, 100847
What are the prime factors of 367523?
13, 17, 1663
What are the prime factors of 2299605?
3, 5, 7, 11, 181
List the prime factors of 576307.
71, 8117
List the prime factors of 4292064.
2, 3, 7, 2129
List the prime factors of 896501.
617, 1453
What are the prime factors of 564643?
564643
List the prime factors of 2877777.
3, 7, 17, 2687
What are the prime factors of 5240521?
11, 13, 2819
List the prime factors of 4796757.
3, 7, 73, 149
What are the prime factors of 16542048?
2, 3, 172313
What are the prime factors of 621213?
3, 53, 3907
What are the prime factors of 196592?
2, 11, 1117
List the prime factors of 32591762.
2, 7, 332569
List the prime factors of 925.
5, 37
List the prime factors of 188733.
3, 53, 1187
List the prime factors of 35231.
7, 719
List the prime factors of 12696563.
11, 1154233
What are the prime factors of 11801680?
2, 5, 11, 13411
List the prime factors of 1848560.
2, 5, 7, 3301
What are the prime factors of 2646?
2, 3, 7
What are the prime factors of 291303?
3, 10789
What are the prime factors of 1183536?
2, 3, 8219
What are the prime factors of 1792306?
2, 197, 4549
What are the prime factors of 379159?
11, 34469
List the prime factors of 257692.
2, 23, 2801
What are the prime factors of 932883?
3, 7, 31, 1433
List the prime factors of 1528196.
2, 83, 4603
List the prime factors of 4510991.
4510991
List the prime factors of 20703161.
17, 1217833
List the prime factors of 2387925.
3, 5, 10613
What are the prime factors of 946079?
946079
What are the prime factors of 1389374?
2, 7, 99241
List the prime factors of 18565553.
79, 235007
What are the prime factors of 4171843?
13, 320911
List the prime factors of 11588061.
3, 769, 5023
What are the prime factors of 96999?
3, 7, 31, 149
List the prime factors of 9966588.
2, 3, 830549
List the prime factors of 27608912.
2, 1725557
List the prime factors of 22146.
2, 3, 3691
What are the prime factors of 530045?
5, 227, 467
What are the prime factors of 363062?
2, 7, 25933
What are the prime factors of 14673852?
2, 3, 19, 7151
What are the prime factors of 310524?
2, 3, 113, 229
What are the prime factors of 27086434?
2, 409, 33113
What are the prime factors of 1067918?
2, 533959
What are the prime factors of 211521?
3, 70507
List the prime factors of 13021982.
2, 1153, 5647
What are the prime factors of 216744?
2, 3, 11, 821
What are the prime factors of 10722716?
2, 17, 137, 1151
What are the prime factors of 16857965?
5, 17, 23, 8623
What are the prime factors of 845402?
2, 422701
List the prime factors of 13840.
2, 5, 173
List the prime factors of 215158.
2, 179, 601
What are the prime factors of 820030?
2, 5, 82003
List the prime factors of 182100.
2, 3, 5, 607
List the prime factors of 1308577.
67, 19531
What are the prime factors of 2921842?
2, 7, 11, 18973
What are the prime factors of 355528?
2, 19, 2339
List the prime factors of 2518408.
2, 23, 13687
List the prime factors of 30157.
53, 569
List the prime factors of 2183194.
2, 13, 83969
List the prime factors of 150